) = -22*l - 2. What is c(k)?
-46
Let i(k) = 1 + 8*k - 1 + 4. Let r = -131969 - -131968. Give i(r).
-4
Suppose 0*v + 2 = -2*v, 2*v - 12 = -2*x. Let u be 2/6 + (-153)/(-27). Let f(n) = 2 - 5 - u + n - 6. Give f(x).
-8
Let m be (-9 - -6) + (-15)/(-2)*36/54. Let z(v) = 14*v - 7. Give z(m).
21
Let z(p) = -4*p**2 + p - 4. Let a(k) = -22*k**2 + 8*k - 21. Let o(j) = 2*a(j) - 10*z(j). What is o(2)?
-6
Let a(y) = 10*y**2 - 19*y - 129. Let o be a(-6). Let u = o + -359. Let q(m) = -2*m - 19. Calculate q(u).
9
Let m(q) = -3139 + 3157 - 8*q + 12*q. What is m(-6)?
-6
Let p(t) = -3*t**3 - t**2 + t + 3. Suppose 3342*v - 128 = 3406*v. Give p(v).
21
Let r = 397 + -392. Suppose 2*o = 7 - 1. Let x(n) = 2*n - o + n - 3 - n**2 + n. Determine x(r).
-11
Let s(a) be the second derivative of -a**5/5 - a**4/4 + 5*a**3/6 - 3*a**2/2 - 6481*a. Give s(1).
-5
Let y(n) = -122*n - 715. Let k be y(-7). Suppose -4*p + 3*d = 568, 0 = 2*p + d - 4*d + 278. Let g = p + k. Let v(z) = 3*z + 3. Give v(g).
-15
Let j = -282 - -284. Let l(x) = 14 + 0*x - 17 + j*x + 4*x. Suppose -q + 2*q = 2. Calculate l(q).
9
Suppose 0 = -3*c + 3, 0*x - 41 = -5*x + 4*c. Let i(r) = 5*r - 22. What is i(x)?
23
Let g be 1 + 4/2 - 0. Let c(p) = 10*p**2 - 5. Let q(f) = -22*f**2 - f + 11. Let j = 894 + -885. Let x(o) = j*c(o) + 4*q(o). Determine x(g).
5
Let c = -42143 - -42140. Let n(t) be the first derivative of -3*t - 1/3*t**3 - 3/2*t**2 - 1. Determine n(c).
-3
Let w be (-81)/(-6) + (-27)/6 + 4. Let h(c) = 22 - w + 7 - 5*c. Give h(5).
-9
Let j(z) = -z + 52. Suppose -58*i + 33*i + 10*i = -270. Give j(i).
34
Suppose 2*s + 3 = 5*f - 14, 2*s = -2. Suppose -f*h - 18 = -6, -2*z - h = 4. Let k(u) = -u - 277 + z*u + 0*u + 272. What is k(5)?
-10
Let j(x) = -65*x - 8. Let k be (-1716)/(-312)*8*(-1)/(-22). Give j(k).
-138
Let q(x) = -7*x**2 + 3. Let i(k) = k**2 - 1. Let d(n) = -2*i(n) - q(n). Suppose 4*y - 3 = 3*y. Suppose -y*r + 28 = 11*r. What is d(r)?
19
Let p(o) be the third derivative of -5/24*o**4 + 1/360*o**6 + 0*o + 0 - 6*o**2 + 0*o**3 + 0*o**5. Let f(x) be the second derivative of p(x). Calculate f(-3).
-6
Let k = -3383 - -3372. Let z(r) = -r**2 - 11*r + 8. Determine z(k).
8
Let d(l) = 2*l**3 - 36*l**2 - 37*l - 19. Let f be d(19). Let b(n) = n + 2 + n**2 - 2*n + 3*n. Calculate b(f).
2
Let y(u) = 2*u - 3. Let c be 437/114 - 5/6 - -695. Let v = c - 703. What is y(v)?
-13
Suppose 4*h = -87 - 173. Let s = h - -68. Suppose -s*n - 120 = -111. Let m(v) = -v + 1. Give m(n).
4
Let x(o) be the second derivative of o**4/12 - 4*o**3/3 + 7*o**2/2 + 7*o. Let k be (-63 + -14)/7 + 19. What is x(k)?
7
Let q(r) be the second derivative of -r**4/2 - 2*r**3/3 - 285*r + 3. Determine q(-2).
-16
Let x(q) be the second derivative of -q**5/20 + 5*q**4/12 - q**3 + q**2/2 - 36394*q. Let p(o) = -4*o**3 + o**2 + 2*o + 1. Let u be p(-1). What is x(u)?
-7
Suppose 10*t + 0*t = 30. Let z(v) = -4 + 2 - v**t + 3 - 5. What is z(0)?
-4
Let i(k) = 3*k + 4. Let s(f) = f**3 - 25*f**2 + 138*f + 102. Let p be s(16). Calculate i(p).
22
Let x(b) be the first derivative of -2*b**3/3 - 4*b**2 + 38*b - 1666. Determine x(-7).
-4
Let z be 1/8*6 + (-4)/(-16). Let c(f) = 13*f**2 - 2. Let g(m) = 6*m**2 - 1. Let d(n) = -2*c(n) + 5*g(n). Determine d(z).
3
Let u(x) = -x + 1. Let d be u(-3). Let n(f) = 43*f - 35. Let o(m) = 5*m - 4. Let c(k) = -2*n(k) + 17*o(k). Give c(d).
-2
Let r(s) be the first derivative of s**2/2 + s + 2644. Give r(-8).
-7
Let k be 6/((-12)/22) - 19/(133/42). Let r(p) = -p**3 - 16*p**2 + 18*p + 4. Determine r(k).
-13
Let n(c) = 7*c. Suppose -14*x + 7*x + 63 = 0. Let z(u) = 4*u + 2*u**2 - 5*u + 2 + x*u - 5*u. Let a be z(0). Give n(a).
14
Let p(a) = -4*a + 1. Let x(j) = 3*j - 7. Let s(v) = -6*p(v) - 5*x(v). Determine s(-3).
2
Let p(j) = 8*j + 73. Suppose x = 5*o + 19, -3*o + 8 = -2*x + 11. Give p(x).
25
Let z be (-4)/(-5) + -2 + (-1)/(-5). Let y be 4 + (z/3 - (-475)/(-15)). Let d be (y/8)/((-6)/(-12)). Let x(f) = f**2 + 6*f + 5. What is x(d)?
12
Let b(l) = 10895 - 10822 + 5*l - 11*l + 2*l. Give b(18).
1
Let o(a) = a**2 + 8*a - 25. Let y = 477 - 473. Suppose y*i = 3*z + 17, -3*i = 4*z + 2*i + 64. Give o(z).
8
Let h(k) = 3*k**2 + 15*k - 6. Let q(g) = 5*g**2 + 23*g - 6. Let z(t) = -3*h(t) + 2*q(t). What is z(5)?
36
Let y(a) be the second derivative of -a**6/120 + 7*a**5/60 - a**4/8 + 7*a**3/3 + 105*a**2/2 - 106*a. Let p(z) be the first derivative of y(z). What is p(7)?
-7
Let n = 144 - 42. Let z = 103 - n. Let f(b) = -8*b**3 + 2*b**2 - 2*b + 1. Calculate f(z).
-7
Let z(i) = i**2 + 3*i + 17. Let o(c) = -4*c**2 - 5*c - 29. Let s(x) = o(x) + 2*z(x). Calculate s(3).
-10
Let v(z) = 2*z + 11. Let k be v(-3). Let w be 43/k + 10/25. Let a(s) = 8*s**2 + s + 2 - 5 + w + s**3. Determine a(-8).
-2
Suppose -6*z - 5*u - 20 = 0, -5*u = -5*z - 31 - 4. Let q(f) be the second derivative of f**3/3 + 2*f**2 - 20*f. Determine q(z).
-6
Let s(d) = -300*d + 5089. Let m be s(17). Let b(z) = 30*z + 332. What is b(m)?
2
Let d(x) = 7*x - 36. Let b(j) = 10*j - 25. Let r be b(3). Determine d(r).
-1
Let l(q) = -q**2 + 4*q + 5. Suppose -f + 5*j = -7, f - 3*j - 3 = -0*f. Let a(t) = t**2 + 2*t - 7. Let x be a(f). Calculate l(x).
-27
Let c(z) be the first derivative of -z**3/3 + 4*z**2 - 7*z + 4. Let s = 184 - 40. Let h = 152 - s. Calculate c(h).
-7
Let j(c) = -6*c + 44. Let i be (-110)/4*106/(-265). Calculate j(i).
-22
Let a(r) = -r**3 + 18*r**2 - 38*r + 92. Suppose 106*o + 70*o = -256*o + 6912. What is a(o)?
-4
Let p(q) be the first derivative of -3*q - q + 524*q**2 - 525*q**2 - 50. Give p(-3).
2
Let g(o) = -o**3 + 4*o**2 + 6*o + 5. Let z be g(5). Suppose z = -2*a - 0. Let r(u) = 6*u**2 + u**3 + 390 + 384 + 5*u - 774. Determine r(a).
0
Let m(c) = 6*c**3 - 6*c**2 + 4*c - 6. Let b be (26 - (-948)/(-36))/((-1)/6). Determine m(b).
26
Let q = 38065 + -38071. Let z(x) = -x**3 - 7*x**2 - 5*x + 11. Give z(q).
5
Let y = 98 + -90. Suppose 0*x + x = y. Let h(q) = -10*q - 2 + x*q + q. What is h(3)?
-5
Let h(q) be the second derivative of q**5/20 - 17*q**4/12 - 23*q**3/6 - q**2/2 - 1950*q. Calculate h(18).
-91
Let x(l) = l**2 - 8*l + 2. Suppose j = 5*n + 2*j + 206, 4*j - 58 = n. Let w be 1*(-474)/n + (-4)/14. Suppose w*r + 6 = 12*r. Give x(r).
-10
Let s(x) be the second derivative of -3*x**5/5 + x**4/6 + x**3/6 + 22*x + 23. Determine s(-1).
13
Let p(v) = 18 + 168*v**2 + 156*v**2 + v - 332*v**2. Calculate p(4).
-106
Let k(n) = -5*n**2 + 17*n + 1. Suppose -3*c = -3*m + 6*m, -3 = -3*c. Let t(g) = g**2 - 2*g. Let a(f) = m*k(f) - 4*t(f). Give a(11).
21
Let h(x) = 0*x - x**3 - 5 - 42*x**2 + 110*x**2 + 8*x - 35*x**2 - 38*x**2. Determine h(-6).
-17
Let g be (-85)/34*(-12)/5. Let b(n) = -4*n - 1. Let w(s) = -25*s + 1. Let y(r) = g*b(r) - w(r). Give y(-7).
-14
Let w(a) = 205 + 5*a + 15*a - 37 - 129 + a**2. Determine w(-19).
20
Let d = 64 + -62. Suppose d*p = 5*p. Let l(f) = 1 + 0*f + 0*f + p*f - 7*f. Determine l(-2).
15
Let l = -424 - -479. Let i(d) = d**2 - 114 + 58 - d + l. Let w be (0 + -1)*6/(-2). Determine i(w).
5
Let t(a) = 161*a - 56. Let l(j) = 19*j - 7. Let k(g) = 51*l(g) - 6*t(g). Determine k(6).
-3
Let b be (-1575)/(-270) + 3/18. Let f(d) = -d + 1. Let p(v) = 4*v - 7. Let n(u) = -2*f(u) - p(u). What is n(b)?
-7
Let q = 94 - 90. Let m(x) = -x**2 - 17*x + 55 + q*x - 159 + 45 + 47. What is m(-12)?
0
Suppose 2*v + 29*w = 26*w + 19, -4*w + 28 = 4*v. Let m(d) be the first derivative of 1/2*d**2 - v*d + 1/4*d**4 + 5 - 5/3*d**3. Give m(4).
-14
Suppose -70*w - 70 = -56*w. Let c = -9 + 9. Let l(b) = -b - 10 - 2 + c. Calculate l(w).
-7
Let v(u) = u**2 - 11*u - 17. Suppose 10*s + 16 = 136. Let d be v(s). Let z(j) = j - 2. What is z(d)?
-7
Suppose -3*x - x = 20. Let g(q) = -23*q + 18. Let m(r) = -10*r + 9. Let u(a) = x*m(a) + 2*g(a). Give u(6).
15
Let o(n) = -28*n + 55. Let l(v) = -13*v + 23. Let q(h) = -7*l(h) + 3*o(h). Give q(2).
18
Let g(u) = -u**2 - 15*u + 13. Suppose 1171 = -5*b - k + 2*k, b = 3*k - 223. Let t = b + 219. Give g(t).
-3
Let w(h) = -h**3 + 9*h**2 + 2*h - 12. Let n be w(9). Suppose -n*j = -8*j + 24. Let c(v) = 3 - 19*v**2 - v**3 - 36*v + 32*v + j*v**2. Give c(-6).
-9
Let v(u) = -71*u - 422. Let p be v(-6). Let h(k) be the second derivative of -k**5/20 + 5*k**4/12 + 5*k**2/2 + 7*k. Determine h(p).
21
Let m(w) be the third derivative of -5*w**4/3 - w**3/3 - 757*w**2. What is m(-1)?
38
Le